multiple of 13?
False
Is 318375 a multiple of 25?
True
Is 1328210 a multiple of 10?
True
Is 86 a factor of 112746?
True
Does 667 divide 2633483?
False
Does 48 divide 108240?
True
Does 2 divide 6880?
True
Is 10 a factor of 27923549?
False
Is 73 a factor of 25597?
False
Is 4687566 a multiple of 246?
False
Does 25 divide 2438860?
False
Is 10 a factor of 701490?
True
Is 126063 a multiple of 3?
True
Does 10 divide 91331?
False
Does 77 divide 282128?
True
Is 103 a factor of 3486042?
False
Does 23 divide 111064?
False
Does 91 divide 76713?
True
Is 360 a factor of 7296480?
True
Does 110 divide 287540?
True
Is 128 a factor of 95814?
False
Is 3013090 a multiple of 86?
False
Is 168250 a multiple of 25?
True
Is 160 a factor of 487436?
False
Is 1467303 a multiple of 5?
False
Is 14834087 a multiple of 25?
False
Does 15 divide 660815?
False
Does 629 divide 17583515?
False
Is 64 a factor of 877888?
True
Does 1194 divide 1354125?
False
Is 10704111 a multiple of 277?
True
Does 3 divide 294741?
True
Is 3 a factor of 20490?
True
Does 9 divide 71204?
False
Is 734361 a multiple of 28?
False
Is 187 a factor of 30726?
False
Is 191 a factor of 340909?
False
Is 4531860 a multiple of 68?
True
Is 14610 a multiple of 6?
True
Is 6 a factor of 7419688?
False
Is 16 a factor of 180803?
False
Is 207882 a multiple of 7?
False
Is 3628617 a multiple of 837?
False
Does 199 divide 1768529?
False
Does 159 divide 568584?
True
Is 52 a factor of 45359?
False
Does 6 divide 6906?
True
Does 16 divide 98256?
True
Does 71 divide 1615747?
True
Does 15 divide 30035702?
False
Is 2565246 a multiple of 991?
False
Does 107 divide 156098?
False
Is 14497383 a multiple of 385?
False
Does 18 divide 6798006?
True
Does 101 divide 1373499?
True
Is 41076 a multiple of 652?
True
Is 79 a factor of 30573?
True
Is 46 a factor of 248768?
True
Is 619060 a multiple of 137?
False
Does 6 divide 90929?
False
Does 19 divide 6398707?
False
Is 152 a factor of 158232?
True
Is 51 a factor of 81050?
False
Does 1084 divide 22128776?
True
Is 1313554 a multiple of 26?
False
Is 393 a factor of 208235?
False
Is 15 a factor of 3373241?
False
Is 168 a factor of 3736218?
False
Is 719855 a multiple of 6?
False
Is 24146 a multiple of 6?
False
Does 36 divide 24264?
True
Does 66 divide 29751?
False
Is 8 a factor of 3282848?
True
Is 125 a factor of 1848375?
True
Does 92 divide 1518679?
False
Is 8 a factor of 377685?
False
Is 71 a factor of 4523519?
False
Does 62 divide 941842?
True
Does 219 divide 1481585?
False
Is 101 a factor of 23116?
False
Does 4 divide 55339?
False
Is 233381 a multiple of 67?
False
Is 6006023 a multiple of 59?
True
Is 423576 a multiple of 6?
True
Does 4 divide 199704?
True
Is 4416013 a multiple of 37?
False
Is 5 a factor of 178372?
False
Is 465551 a multiple of 53?
False
Does 20 divide 46230?
False
Is 1156068 a multiple of 18?
True
Is 1315337 a multiple of 4?
False
Does 10 divide 71260?
True
Is 271676 a multiple of 139?
False
Is 2306 a factor of 7789668?
True
Is 837260 a multiple of 22?
False
Does 76 divide 23373648?
True
Is 335248 a multiple of 16?
True
Is 60763 a multiple of 24?
False
Does 175 divide 6949837?
False
Is 15 a factor of 177975?
True
Is 530218 a multiple of 13?
True
Does 135 divide 210060?
True
Is 10395 a multiple of 11?
True
Does 40 divide 685600?
True
Does 444 divide 45135?
False
Does 29 divide 679934?
True
Does 16 divide 212320?
True
Is 14672981 a multiple of 117?
False
Is 906620 a multiple of 22?
True
Is 234 a factor of 414496?
False
Is 1579853 a multiple of 418?
False
Is 147061 a multiple of 2?
False
Does 61 divide 113582?
True
Does 3 divide 5236857?
True
Does 9 divide 16928874?
True
Is 243 a factor of 881847?
True
Is 97765 a multiple of 5?
True
Is 4310549 a multiple of 23?
False
Does 310 divide 85560?
True
Does 369 divide 121815?
False
Is 6033314 a multiple of 82?
True
Is 23 a factor of 1744006?
False
Does 7 divide 123474?
False
Is 676 a factor of 293001?
False
Does 3 divide 123786?
True
Does 29 divide 430355?
False
Is 66 a factor of 1912500?
False
Is 1209644 a multiple of 103?
False
Does 175 divide 8108975?
True
Is 1112008 a multiple of 8?
True
Is 29 a factor of 350065?
False
Is 1084 a factor of 1990224?
True
Does 116 divide 1800253?
False
Is 17 a factor of 338028?
True
Is 2700613 a multiple of 467?
False
Is 4013000 a multiple of 100?
True
Is 3480932 a multiple of 88?
False
Does 153 divide 666962?
False
Is 42 a factor of 56707?
False
Does 73 divide 726058?
True
Is 1365760 a multiple of 695?
False
Is 36 a factor of 143496?
True
Does 20 divide 235640?
True
Is 7 a factor of 248000?
False
Is 98 a factor of 2141945?
False
Is 470816 a multiple of 23?
False
Does 20 divide 13216604?
False
Does 97 divide 1250039?
True
Is 44 a factor of 57948?
True
Is 151 a factor of 147678?
True
Is 13 a factor of 28075?
False
Is 365 a factor of 259880?
True
Is 15 a factor of 1470225?
True
Does 262 divide 17777668?
False
Does 498 divide 15245274?
True
Does 60 divide 30387?
False
Does 16 divide 20752?
True
Does 26 divide 301831?
False
Is 669 a factor of 2610438?
True
Is 55 a factor of 2980251?
False
Does 217 divide 382137?
True
Is 247632 a multiple of 16?
True
Is 70 a factor of 61147?
False
Is 169 a factor of 11021489?
False
Is 4538291 a multiple of 373?
True
Is 407124 a multiple of 172?
True
Does 46 divide 6392790?
False
Does 327 divide 710809?
False
Is 33 a factor of 203907?
True
Is 25906 a multiple of 19?
False
Is 148 a factor of 6699812?
True
Is 290479 a multiple of 7?
True
Is 2664957 a multiple of 5?
False
Is 576 a factor of 4192457?
False
Is 610 a factor of 510345?
False
Is 327032 a multiple of 8?
True
Does 10 divide 137249?
False
Is 28 a factor of 228885?
False
Is 327796 a multiple of 322?
True
Is 170 a factor of 45922?
False
Is 10597436 a multiple of 86?
True
Does 9 divide 26969760?
True
Is 19 a factor of 2362251?
True
Is 271957 a multiple of 7?
True
Is 4934100 a multiple of 165?
False
Does 2 divide 231349?
False
Is 149465 a multiple of 274?
False
Is 664864 a multiple of 526?
True
Is 97 a factor of 34360?
False
Does 23 divide 660721?
True
Does 124 divide 2101676?
True
Does 81 divide 151031?
False
Is 98 a factor of 269794?
True
Does 315 divide 232774?
False
Is 20 a factor of 15123540?
True
Is 3 a factor of 245234?
False
Is 2729202 a multiple of 482?
False
Is 409500 a multiple of 156?
True
Is 31 a factor of 326480?
False
Is 419 a factor of 121929?
True
Is 374074 a multiple of 447?
False
Does 11 divide 29509?
False
Is 13 a factor of 88738?
True
Is 39 a factor of 53079?
True
Is 207 a factor of 2862603?
True
Does 35 divide 2269960?
True
Does 448 divide 843566?
False
Does 40 divide 44760?
True
Is 278 a factor of 608397?
False
Does 195 divide 192158?
False
Is 2 a factor of 60598?
True
Is 69 a factor of 312363?
True
Is 552180 a multiple of 5?
True
Is 16 a factor of 4303620?
False
Is 3 a factor of 5517?
True
Is 3013284 a multiple of 204?
True
Does 9 divide 32904?
True
Is 1035623 a multiple of 29?
False
Is 149870 a multiple of 70?
True
Is 5 a factor of 111320?
True
Is 306 a factor of 2622420?
True
Does 1428 divide 4017930?
False
Does 1172 divide 2119996?
False
Is 119475 a multiple of 225?
True
Is 63 a factor of 4239478?
False
Is 13 a factor of 3336050?
False
Does 53 divide 15472184?
True
Does 40 divide 622280?
True
Does 316 divide 30968?
True
Is 20423732 a multiple of 1819?
True
Is 16909693 a multiple of 38?
False
Is 32080 a multiple of 7?
False
Is 38 a factor of 829195?
False
Is 272371 a multiple of 133?
False
Does 639 divide 874791?
True
Is 187 a factor of 128469?
True
Does 19 divide 154936?
False
Is 6 a factor of 158882?
False
Does 112 divide 125393?
False
Is 5046294 a multiple of 487?
True
Does 93 divide 1792614?
False
Is 73 a factor of 2241270?
False
Is 1238 a factor of 2706268?
True
Is 1158 a factor of 6274044?
True
Does 1104 divide 19316688?
True
Is 139200 a multiple of 120?
True
Does 23 divide 98279?
True
Does 679 divide 1248681?
True
Does 71 divide 6898076?
True
Is 1012464 a multiple of 12?
True
Is 271 a factor of 1876549?
False
Does 874 divide 813884?
False
Is 763 a factor of 15016603?
True
Is 381870 a multiple of 90?
True
Does 1087 divide 3928517?
False
Is 2328541 a multiple of 828?
False
Is 15 a factor of 3640800?
True
Is 48 a factor of 658555?
False
Does 49 divide 48215?
False
Is 63 a factor of 1130976